{"id":220,"date":"2023-10-21T17:05:28","date_gmt":"2023-10-21T15:05:28","guid":{"rendered":"https:\/\/bydletestylove.cz\/?page_id=220"},"modified":"2023-10-21T17:05:28","modified_gmt":"2023-10-21T15:05:28","slug":"obchodni-oddeleni","status":"publish","type":"page","link":"http:\/\/bydletestylove.cz\/index.php\/obchodni-oddeleni\/","title":{"rendered":"<span>Obchodn\u00ed odd\u011blen\u00ed<\/span>"},"content":{"rendered":"<p>&nbsp;<\/p>\n<h4 id=\"block-a4c21e9b-5836-4139-82d5-887f6e7dd769\"><strong>HOUSE Media Group s.r.o.<\/strong><\/h4>\n<p id=\"block-8a454eae-af84-421e-8ba3-18feb773579e\">Rybn\u00e1 716\/24<\/p>\n<p id=\"block-716f0b29-523f-41e9-9922-f8d023b713b4\">Praha 1 \u2013 Star\u00e9 M\u011bsto, 110 00<\/p>\n<p id=\"block-2e375e3a-e813-4b8b-8007-c8020352d35e\">\n<div class=\"wp-block-spacer\" aria-hidden=\"true\"><\/div>\n<h4 id=\"block-611ca476-5204-4209-b84c-13667a1a6817\" class=\"wp-block-heading\"><strong>Obchodn\u00ed a marketingov\u00e9 odd\u011blen\u00ed<\/strong><\/h4>\n<p id=\"block-c9d5a2cb-b755-44a1-b5b7-1a58ef1b3347\"><strong>Tel.:<\/strong>\u00a0+420\u00a0<strong>608 225 180<\/strong><\/p>\n<p id=\"block-5625fc88-7a77-4c4a-af67-d582a39172c8\"><strong>E-mail:<\/strong>\u00a0obchod @ hmg.cz<\/p>\n<p id=\"block-247aa8a0-2d83-4d75-ba88-fdcc3c1087d9\">\n<p>&nbsp;<\/p>\n","protected":false},"excerpt":{"rendered":"<p>&nbsp; HOUSE Media Group s.r.o. Rybn\u00e1 716\/24 Praha 1 \u2013 Star\u00e9 M\u011bsto, 110 00 Obchodn\u00ed a marketingov\u00e9 odd\u011blen\u00ed Tel.:\u00a0+420\u00a0608 225 180 E-mail:\u00a0obchod @ hmg.cz &nbsp;<\/p>\n","protected":false},"author":1,"featured_media":0,"parent":0,"menu_order":0,"comment_status":"closed","ping_status":"closed","template":"","meta":{"_mi_skip_tracking":false,"_monsterinsights_sitenote_active":false,"_monsterinsights_sitenote_note":"","_monsterinsights_sitenote_category":0},"yoast_head":"<!-- This site is optimized with the Yoast SEO plugin v21.4 - https:\/\/yoast.com\/wordpress\/plugins\/seo\/ -->\n<title>Obchodn\u00ed odd\u011blen\u00ed - BydleteStylov\u011b.cz<\/title>\n<meta name=\"robots\" content=\"index, follow, max-snippet:-1, max-image-preview:large, max-video-preview:-1\" \/>\n<link rel=\"canonical\" href=\"https:\/\/bydletestylove.cz\/index.php\/obchodni-oddeleni\/\" \/>\n<meta property=\"og:locale\" content=\"cs_CZ\" \/>\n<meta property=\"og:type\" content=\"article\" \/>\n<meta property=\"og:title\" content=\"Obchodn\u00ed odd\u011blen\u00ed - BydleteStylov\u011b.cz\" \/>\n<meta property=\"og:description\" content=\"&nbsp; HOUSE Media Group s.r.o. Rybn\u00e1 716\/24 Praha 1 \u2013 Star\u00e9 M\u011bsto, 110 00 Obchodn\u00ed a marketingov\u00e9 odd\u011blen\u00ed Tel.:\u00a0+420\u00a0608 225 180 E-mail:\u00a0obchod @ hmg.cz &nbsp;\" \/>\n<meta property=\"og:url\" content=\"https:\/\/bydletestylove.cz\/index.php\/obchodni-oddeleni\/\" \/>\n<meta property=\"og:site_name\" content=\"BydleteStylov\u011b.cz\" \/>\n<meta name=\"twitter:card\" content=\"summary_large_image\" \/>\n<meta name=\"twitter:label1\" content=\"Odhadovan\u00e1 doba \u010dten\u00ed\" \/>\n\t<meta name=\"twitter:data1\" content=\"1 minuta\" \/>\n<script type=\"application\/ld+json\" class=\"yoast-schema-graph\">{\"@context\":\"https:\/\/schema.org\",\"@graph\":[{\"@type\":\"WebPage\",\"@id\":\"https:\/\/bydletestylove.cz\/index.php\/obchodni-oddeleni\/\",\"url\":\"https:\/\/bydletestylove.cz\/index.php\/obchodni-oddeleni\/\",\"name\":\"Obchodn\u00ed odd\u011blen\u00ed - BydleteStylov\u011b.cz\",\"isPartOf\":{\"@id\":\"https:\/\/bydletestylove.cz\/#website\"},\"datePublished\":\"2023-10-21T15:05:28+00:00\",\"dateModified\":\"2023-10-21T15:05:28+00:00\",\"breadcrumb\":{\"@id\":\"https:\/\/bydletestylove.cz\/index.php\/obchodni-oddeleni\/#breadcrumb\"},\"inLanguage\":\"cs\",\"potentialAction\":[{\"@type\":\"ReadAction\",\"target\":[\"https:\/\/bydletestylove.cz\/index.php\/obchodni-oddeleni\/\"]}]},{\"@type\":\"BreadcrumbList\",\"@id\":\"https:\/\/bydletestylove.cz\/index.php\/obchodni-oddeleni\/#breadcrumb\",\"itemListElement\":[{\"@type\":\"ListItem\",\"position\":1,\"name\":\"Dom\u016f\",\"item\":\"https:\/\/bydletestylove.cz\/\"},{\"@type\":\"ListItem\",\"position\":2,\"name\":\"Obchodn\u00ed odd\u011blen\u00ed\"}]},{\"@type\":\"WebSite\",\"@id\":\"https:\/\/bydletestylove.cz\/#website\",\"url\":\"https:\/\/bydletestylove.cz\/\",\"name\":\"BydleteStylov\u011b.cz\",\"description\":\"Port\u00e1l o stylov\u00e9m bydlen\u00ed...\",\"publisher\":{\"@id\":\"https:\/\/bydletestylove.cz\/#organization\"},\"potentialAction\":[{\"@type\":\"SearchAction\",\"target\":{\"@type\":\"EntryPoint\",\"urlTemplate\":\"https:\/\/bydletestylove.cz\/?s={search_term_string}\"},\"query-input\":\"required name=search_term_string\"}],\"inLanguage\":\"cs\"},{\"@type\":\"Organization\",\"@id\":\"https:\/\/bydletestylove.cz\/#organization\",\"name\":\"BydleteStylov\u011b.cz\",\"url\":\"https:\/\/bydletestylove.cz\/\",\"logo\":{\"@type\":\"ImageObject\",\"inLanguage\":\"cs\",\"@id\":\"https:\/\/bydletestylove.cz\/#\/schema\/logo\/image\/\",\"url\":\"http:\/\/bydletestylove.cz\/wp-content\/uploads\/2024\/12\/cropped-Logo-Bydlete-Stylove.jpg\",\"contentUrl\":\"http:\/\/bydletestylove.cz\/wp-content\/uploads\/2024\/12\/cropped-Logo-Bydlete-Stylove.jpg\",\"width\":290,\"height\":143,\"caption\":\"BydleteStylov\u011b.cz\"},\"image\":{\"@id\":\"https:\/\/bydletestylove.cz\/#\/schema\/logo\/image\/\"},\"sameAs\":[\"https:\/\/www.instagram.com\/bydletestylove.cz\/\"]}]}<\/script>\n<!-- \/ Yoast SEO plugin. -->","yoast_head_json":{"title":"Obchodn\u00ed odd\u011blen\u00ed - BydleteStylov\u011b.cz","robots":{"index":"index","follow":"follow","max-snippet":"max-snippet:-1","max-image-preview":"max-image-preview:large","max-video-preview":"max-video-preview:-1"},"canonical":"https:\/\/bydletestylove.cz\/index.php\/obchodni-oddeleni\/","og_locale":"cs_CZ","og_type":"article","og_title":"Obchodn\u00ed odd\u011blen\u00ed - BydleteStylov\u011b.cz","og_description":"&nbsp; HOUSE Media Group s.r.o. Rybn\u00e1 716\/24 Praha 1 \u2013 Star\u00e9 M\u011bsto, 110 00 Obchodn\u00ed a marketingov\u00e9 odd\u011blen\u00ed Tel.:\u00a0+420\u00a0608 225 180 E-mail:\u00a0obchod @ hmg.cz &nbsp;","og_url":"https:\/\/bydletestylove.cz\/index.php\/obchodni-oddeleni\/","og_site_name":"BydleteStylov\u011b.cz","twitter_card":"summary_large_image","twitter_misc":{"Odhadovan\u00e1 doba \u010dten\u00ed":"1 minuta"},"schema":{"@context":"https:\/\/schema.org","@graph":[{"@type":"WebPage","@id":"https:\/\/bydletestylove.cz\/index.php\/obchodni-oddeleni\/","url":"https:\/\/bydletestylove.cz\/index.php\/obchodni-oddeleni\/","name":"Obchodn\u00ed odd\u011blen\u00ed - BydleteStylov\u011b.cz","isPartOf":{"@id":"https:\/\/bydletestylove.cz\/#website"},"datePublished":"2023-10-21T15:05:28+00:00","dateModified":"2023-10-21T15:05:28+00:00","breadcrumb":{"@id":"https:\/\/bydletestylove.cz\/index.php\/obchodni-oddeleni\/#breadcrumb"},"inLanguage":"cs","potentialAction":[{"@type":"ReadAction","target":["https:\/\/bydletestylove.cz\/index.php\/obchodni-oddeleni\/"]}]},{"@type":"BreadcrumbList","@id":"https:\/\/bydletestylove.cz\/index.php\/obchodni-oddeleni\/#breadcrumb","itemListElement":[{"@type":"ListItem","position":1,"name":"Dom\u016f","item":"https:\/\/bydletestylove.cz\/"},{"@type":"ListItem","position":2,"name":"Obchodn\u00ed odd\u011blen\u00ed"}]},{"@type":"WebSite","@id":"https:\/\/bydletestylove.cz\/#website","url":"https:\/\/bydletestylove.cz\/","name":"BydleteStylov\u011b.cz","description":"Port\u00e1l o stylov\u00e9m bydlen\u00ed...","publisher":{"@id":"https:\/\/bydletestylove.cz\/#organization"},"potentialAction":[{"@type":"SearchAction","target":{"@type":"EntryPoint","urlTemplate":"https:\/\/bydletestylove.cz\/?s={search_term_string}"},"query-input":"required name=search_term_string"}],"inLanguage":"cs"},{"@type":"Organization","@id":"https:\/\/bydletestylove.cz\/#organization","name":"BydleteStylov\u011b.cz","url":"https:\/\/bydletestylove.cz\/","logo":{"@type":"ImageObject","inLanguage":"cs","@id":"https:\/\/bydletestylove.cz\/#\/schema\/logo\/image\/","url":"http:\/\/bydletestylove.cz\/wp-content\/uploads\/2024\/12\/cropped-Logo-Bydlete-Stylove.jpg","contentUrl":"http:\/\/bydletestylove.cz\/wp-content\/uploads\/2024\/12\/cropped-Logo-Bydlete-Stylove.jpg","width":290,"height":143,"caption":"BydleteStylov\u011b.cz"},"image":{"@id":"https:\/\/bydletestylove.cz\/#\/schema\/logo\/image\/"},"sameAs":["https:\/\/www.instagram.com\/bydletestylove.cz\/"]}]}},"_links":{"self":[{"href":"http:\/\/bydletestylove.cz\/index.php\/wp-json\/wp\/v2\/pages\/220"}],"collection":[{"href":"http:\/\/bydletestylove.cz\/index.php\/wp-json\/wp\/v2\/pages"}],"about":[{"href":"http:\/\/bydletestylove.cz\/index.php\/wp-json\/wp\/v2\/types\/page"}],"author":[{"embeddable":true,"href":"http:\/\/bydletestylove.cz\/index.php\/wp-json\/wp\/v2\/users\/1"}],"replies":[{"embeddable":true,"href":"http:\/\/bydletestylove.cz\/index.php\/wp-json\/wp\/v2\/comments?post=220"}],"version-history":[{"count":1,"href":"http:\/\/bydletestylove.cz\/index.php\/wp-json\/wp\/v2\/pages\/220\/revisions"}],"predecessor-version":[{"id":221,"href":"http:\/\/bydletestylove.cz\/index.php\/wp-json\/wp\/v2\/pages\/220\/revisions\/221"}],"wp:attachment":[{"href":"http:\/\/bydletestylove.cz\/index.php\/wp-json\/wp\/v2\/media?parent=220"}],"curies":[{"name":"wp","href":"https:\/\/api.w.org\/{rel}","templated":true}]}}